182 = 16*l - 3*l. Let r = 126 + l. Calculate the greatest common divisor of r and 28.
28
Let m be 2304 + -32 + 14 + -11. Calculate the greatest common factor of m and 200.
25
Let x be ((-15)/25)/((-11883)/1320 - -9). Calculate the highest common divisor of 192 and x.
24
Suppose -6*y - 14*r + 52220 = -9*r, -2*r + 8 = 0. What is the highest common divisor of 145 and y?
145
Suppose p = -2*p + 5*h + 164, 2 = -2*h. Calculate the highest common divisor of p and 53.
53
Suppose 3*z = 4*z - 3. Let t = 214 - 212. Suppose -t*u - p - 18 = -5*p, u = -5*p + 26. What is the highest common divisor of u and z?
1
Let j(n) = -8*n**2 - 106*n - 17. Let h be j(-4). Let u be 1857/5 - (-6)/10. What is the highest common divisor of h and u?
93
Let x(o) = -15*o + 540. Let c be x(34). Suppose -3*g + 6*g - 150 = 0. Calculate the highest common factor of g and c.
10
Let g be (-286)/(-4) + (-30)/(-20) + -2. Let h = g - -388. Calculate the greatest common divisor of h and 17.
17
Let t = 34 + -29. Let q be (t - 7) + (-5)/((-10)/8). Suppose -2*n + 40 + 1 = -u, -2*n = q*u - 32. What is the highest common factor of n and 228?
19
Suppose 520*v = -21606 + 67366. What is the highest common factor of 3476 and v?
44
Suppose -3*j + 69 = 2*s - 137, j - 2*s = 66. What is the highest common divisor of 10 and j?
2
Suppose 1385 = 36*t - 31*t. Suppose -t = r - 1427. Suppose -5*s + 0*s = -r. Calculate the highest common divisor of s and 23.
23
Let l be 690 - ((-316)/(-40) + (-5)/(-50)). Calculate the greatest common divisor of l and 352.
22
Suppose -5*c = 4*u - 17147, -12*u + 13*u - 17153 = -5*c. Calculate the greatest common divisor of c and 146.
73
Suppose 515 = 17*t - 12*t. Suppose t = 3*w + 3*j - 506, -4*w = -5*j - 767. Calculate the highest common factor of w and 22.
22
Let u be (-65)/(-26)*6/15 + 1402. Calculate the greatest common factor of 23 and u.
23
Suppose -2*j - 2*r + 3956 = 0, -50*j = -52*j + 5*r + 3998. Calculate the greatest common divisor of 8 and j.
8
Suppose -15 = -3*v, -23 = -4*m - v + 14. Let l be (0/m - (0 + 0))/1. Suppose 5*p - 3 - 57 = l. What is the highest common factor of p and 12?
12
Let z = 24619 - 23635. Calculate the highest common divisor of z and 410.
82
Let k be 2904/8*(-4)/(-6). Let o be (6/9*116)/(10/15). Suppose -5*q + 3*t + o = 0, t + t = 3*q - 70. What is the greatest common divisor of q and k?
22
Suppose 15*q = 1229 + 6991. What is the highest common factor of 411 and q?
137
Let k(f) = 0*f + 7 + 2*f + f - 6*f. Let r(h) = h**2 + 3*h - 2. Let v be r(-4). Let m be k(v). Calculate the highest common factor of m and 2.
1
Suppose -20 = 172*y - 167*y, 0 = -2*f + y + 144. Calculate the highest common divisor of f and 8750.
70
Let k be 14*((-8 - -14)/(-2 - -1) - -26). Calculate the greatest common divisor of k and 16.
8
Suppose -5*q = 13 - 18. Suppose -3*x - 10 + q = 0. Let n be (-92)/(-6) - 2/x. What is the greatest common divisor of n and 48?
16
Suppose 31 = 2*r + 17. Suppose 6*w - r*w - 3*u + 218 = 0, 2*w - 444 = 2*u. What is the greatest common divisor of w and 34?
17
Let v(s) = 100*s**2 - 65*s + 263. Let g be v(4). Calculate the highest common factor of 35 and g.
7
Let f = 23 + -19. Let l = f + 20. Let k(t) = 8*t**2 + 11*t + 2. Let z be k(-2). What is the highest common divisor of l and z?
12
Let j = -347 - -518. Let z be (-3)/2*(-18544)/732. What is the greatest common factor of j and z?
19
Let n be 0 + 0 + 1 + 1. Let v be -6 + (16 - 5) - (-116 + 0). Let r = -119 + v. Calculate the highest common divisor of r and n.
2
Suppose -x + 222 = 3*v - 6*v, -2*x = -5*v - 370. Let h be (v/(-5))/(58/580). Calculate the highest common factor of h and 4.
4
Suppose 0 = -5*x - 2*m + m + 998, -x + 3*m = -206. Let h be (47 + (-16306)/248)/(1*3/(-12)). Calculate the greatest common factor of x and h.
25
Let j = -53901 - -53989. Suppose -3 + 0 = -3*o. Let u be (-1)/o + 9*1. Calculate the highest common divisor of j and u.
8
Suppose x - 150 - 2 = 0. Suppose 0*v + 2*v - 4*k = -5*k, 4*k = 0. Suppose v = -5*r - 41 + 136. What is the greatest common divisor of r and x?
19
Suppose -62*b + 4280 = 45*b. What is the greatest common factor of 340 and b?
20
Let v = 641 - 335. Let a = -206 + v. Let b be (-3 - (-2 + 0)) + a/1. Calculate the greatest common factor of b and 11.
11
Let w be 3/(18/12*2). Let f be (w - 35/30) + (-388)/(-24). What is the greatest common factor of f and 80?
16
Let g(n) = 98*n + 154. Let c be g(11). What is the highest common divisor of c and 126?
14
Let s be 2/1*(32/4)/4. Let c be -6 - (-43)/s - (-3)/(-4). Suppose -3*f + 126 = -c*i + 5*i, -3*f = 6. What is the greatest common factor of i and 12?
12
Let b be 45 + (-3)/((-3)/(-2)). Suppose 64776 = 144*n - 15720. What is the highest common divisor of b and n?
43
Suppose 5*p = m - 17, -2*p + 47 = 3*m - 21. Let j be ((-16)/10)/(336/40 + -8). Let v be (-89)/j - -8*(-5)/160. What is the greatest common divisor of m and v?
22
Let s = -299 + 226. Let f = s + 117. What is the greatest common factor of 66 and f?
22
Suppose -238 = 5*q + 22. Let p = 41 - q. What is the highest common divisor of p and 31?
31
Suppose 27*h - 25*h - 114 = -2*f, -2*h - 5*f = -105. What is the highest common factor of 340 and h?
20
Suppose -103*a + 3150 = -78*a. Let m be 0 - -2 - (10 - 36). What is the greatest common factor of m and a?
14
Suppose 5*c - q = -125, -c + 3*q - 5*q = 36. Suppose 40*b = 51*b + 506. Let m = c - b. Calculate the highest common factor of m and 30.
10
Suppose 144 = 3*n + 12. Let p be (-2)/(-16) - (-1260)/160. Let u = n + p. What is the highest common divisor of u and 39?
13
Let k = -14 - -34. Let p = 35 - k. Let h be 6/(p/5) - 0. What is the highest common factor of 14 and h?
2
Let f be ((-168)/70)/(1/50*-3). Suppose -156 = -5*g - 2*p, g + 0*g = 5*p + 42. What is the highest common factor of f and g?
8
Let j(d) = -d**3 + 3*d**2 + 6*d + 2. Let r be (-1 + (-4)/8)*(-4)/2. Let z be j(r). Calculate the highest common factor of z and 5.
5
Let z(w) = 2*w**2 - 29*w + 27. Let p be z(14). Suppose 250 = p*x + 29. What is the greatest common divisor of x and 85?
17
Let a = 120 - 120. Suppose -w = 3*p + 2, -5*w + 3*w - 4*p = a. Let k be ((-6)/3 - -2) + 4. Calculate the greatest common factor of w and k.
4
Suppose 9*y + 1145 = 4*y. Let p = y + 358. Suppose -5*r = 39 - p. What is the highest common factor of r and 30?
6
Suppose -3*z + w = -93, -15*z + 4*w + 155 = -10*z. Suppose p = -z + 46. What is the highest common divisor of p and 165?
15
Let v(w) = w**2 + 24*w - 53. Let r be v(-26). Let s be -1 + 1 - r - -120. Suppose 5*m + 5*x - 31 = -1, x + 5 = 0. What is the highest common factor of s and m?
11
Let c = -3862 - -3914. What is the highest common factor of c and 15964?
52
Let i(z) = -123*z + 2129. Let o be i(17). Suppose -3*a + 0*k + 3*k = -1254, -5*a + 2090 = -2*k. What is the greatest common factor of a and o?
38
Let h be 570/24 + 0 - 9/(-36). Calculate the greatest common divisor of h and 339.
3
Let g be ((225/(-12))/1)/((-92)/((-8096)/(-66))). Suppose 3*y + 8 = -y, 5*o = -y + 63. Suppose 4*t - o - 7 = 0. Calculate the greatest common factor of g and t.
5
Suppose -5 = 2*j - 53. Suppose j*v - 3300 = 12*v. Calculate the highest common factor of 11 and v.
11
Let v(u) = -16*u - 10 + 16*u + 16*u**2 + 7*u**2. Let b be v(2). Calculate the highest common divisor of 123 and b.
41
Suppose 0 = 4*f - 20, -u + 7670 = 3*u - 2*f. Suppose -68*g = -88*g + u. Calculate the highest common divisor of 24 and g.
24
Let r be ((-88)/(-660))/(2/10) - (-14)/6. Calculate the greatest common factor of 1 and r.
1
Suppose -w + 2*r + 282 = 0, 0 = 89*w - 93*w + 4*r + 1128. What is the highest common divisor of 42 and w?
6
Suppose 16492 = -87*x + 94*x. Calculate the highest common divisor of 114 and x.
38
Let w be 4 + -6 - (4 + -4). Let m be (-2 + 4)*(-11)/w. Calculate the greatest common factor of 33 and m.
11
Suppose -2*d - 4*k = 936, 5*k = -1 - 24. Let c = -194 - d. What is the highest common factor of c and 96?
24
Suppose 0 = 3*v + 5*u - 105, -u = -3*v - 38 + 143. Let w = 1 - 24. Let r = w + v. What is the greatest common divisor of 48 and r?
12
Let y = -399 - -516. Let o(n) = 4*n**2 + 4*n + 2. Let v be o(-3). What is the greatest common factor of v and y?
13
Let n = 32 + 4. Let l(f) = -2*f**2 + 13*f + 3*f**2 - 3 - 3*f**2. Let h be l(5). Calculate the 